e 2*x - 87 = -13. What is the units digit of x?
7
Let l(k) = 3*k + 3. What is the units digit of l(20)?
3
Suppose -2*m - 3 + 5 = 0. Let k be (4 + -3)*m + 36. Suppose -3*o + k = 4*g, 0*g + 5*o = g + 8. What is the units digit of g?
7
Let i(q) = q**2 + 1 + 3*q - 3 - 5*q. Suppose -2 = 6*p - 26. What is the units digit of i(p)?
6
Suppose -5*z = -3*b + 15, 4*b - z = b + 15. Suppose 0 = 3*h - 0*g + 3*g - 105, 3*h = b*g + 97. What is the tens digit of h?
3
Suppose 5*r - 6 = 3*r. Suppose r*u + 2*u - 50 = 0. What is the tens digit of u?
1
Let s = 28 - -326. What is the units digit of s?
4
Let q(l) = l**3 + 5*l**2 + l + 5. Let g = 4 + -8. Let w be q(g). Suppose 2*z = 3*z + 2*x - w, -5*z + x = -41. What is the units digit of z?
9
Suppose -4*j + 7*j - 87 = 0. Let t = j + 9. What is the tens digit of t?
3
Let l = 48 + -27. Suppose 0 = -3*g + v + 63, -8*v + 3*v = -g + l. What is the units digit of g?
1
Let o(k) = -k**2 + 6*k + 4. Let t be 16 - 0*3/9. Let y = -10 + t. What is the units digit of o(y)?
4
Let d = -26 - -15. Suppose -c + 7*k - 3*k = 5, -4*c + 4*k = -40. Let n = d + c. What is the units digit of n?
4
Let o = 7 - 5. Suppose -3 = -3*f - g, o - 7 = -5*f - g. What is the units digit of (7 - 1)/3 + f?
3
Let n(c) = -202*c + 7. What is the tens digit of n(-2)?
1
Let k(b) = 49*b**3 - b**2. Let y be k(1). Suppose -4*n + 0*n = -y. What is the units digit of ((n - 0)/3)/2?
2
Suppose -5*c + 81 = -2*d, -2*d + 24 = 2*c - 0*d. What is the units digit of c/1 - (-2 - 0)?
7
Suppose 4*r - 151 = -g - r, -5*g + 3*r = -699. What is the units digit of g?
1
Suppose -2*l = -21 - 7. What is the tens digit of l?
1
Suppose -3*c + 4*t + 13 = 3*t, 4*c = -t + 15. Suppose -3*n + 4 = -q, q = -c*n + n - 4. What is the units digit of 3 - (2 - 1 - n)?
2
Suppose -3*g = 4*n + 10, -g - 1 = -3*n - 15. What is the tens digit of 5/(5/g)*17?
3
Let c(h) = 2*h**3 + h**2 + 2. What is the units digit of c(2)?
2
Let r(t) = -t - 7. Let q be r(-11). Suppose 20 + 88 = q*m. What is the units digit of m?
7
Suppose -3*s + 5*k - 30 = 0, 0*k + 1 = -2*s - 3*k. Let a(w) = w**3 + 7*w**2 + 7*w + 6. What is the tens digit of a(s)?
2
Let p be 305/(-10)*(-2)/1. Let w = p + -23. Suppose 4*o = 2*m + 28, 5*o - 2*m - w = 2*m. What is the units digit of o?
6
Suppose 14 = b + 2*v, -v + 0 - 5 = -b. Let k = 10 - b. Suppose -4*w - 4*x + 60 = 0, 3*x = k*w - 0*w - 30. What is the units digit of w?
5
Suppose -c - 5 = -4*u - 2*c, c = u + 5. Suppose u = -5*s + s. Suppose s*h = 2*w + 3*h + 11, 5*w - 2*h - 20 = 0. What is the units digit of w?
2
Suppose -2*c + 0*b + 132 = 3*b, 0 = -3*c + b + 176. What is the units digit of c?
0
Let r = 34 + -11. What is the tens digit of r?
2
Let v(y) = -y - 3. Let b be v(-3). Suppose b = 4*f - 13 - 143. What is the units digit of f?
9
Suppose -25 = -5*i + 5. Let n = i + -3. Suppose -8*y + 22 = -5*y + 2*t, -n*t = -y + 22. What is the units digit of y?
0
Let s(n) = -n**3 + n**2 + 2*n + 2. Let h be s(0). Suppose -5*q + d = -9, 0 = 4*q - h*d - d - 5. What is the units digit of q?
2
Suppose m = 10*m - 180. What is the tens digit of m?
2
Suppose -22 + 64 = 2*k. What is the units digit of k?
1
Let y(m) = -46*m**3 - 2*m**2 - 3*m - 3. What is the hundreds digit of y(-2)?
3
Let c be (-30)/(-9) + (-4)/12. Let u = -1 + c. What is the units digit of u?
2
Let s(h) = -h**3 + 7*h**2 - h + 3. Let r be s(6). Let d = r - 20. What is the units digit of d?
3
Let v be 6*(-2 - (-7 - -3)). What is the units digit of (-4)/v - (-31)/3?
0
Let d(u) = -u**2 - 11*u + 8. What is the units digit of d(-9)?
6
Let j(r) = -2*r**2 - 11*r + 2. Let u(l) = -2*l**2 - 10*l + 2. Let n(h) = 4*j(h) - 5*u(h). Let v be n(-5). Suppose v = 5*f - 12. What is the units digit of f?
6
Suppose 5*j - 20 = -50. Let y be -2 - 3/6*j. Suppose -13 = -4*p - y. What is the units digit of p?
3
Suppose c - 124 = -3*x + 13, 2*c - 10 = 0. What is the units digit of x?
4
Suppose -5*v - 8*v = -1287. What is the tens digit of v?
9
Let d = 26 - -49. What is the tens digit of d?
7
Suppose 0 = 2*i - 4 - 2. Let v(y) = -y**3 + 8*y**2 + 10*y - 5. Let m be v(9). Suppose -t = 4*t + m*s - 51, 4*t + i*s = 40. What is the units digit of t?
7
Let p(i) = -i**3 - 4*i**2 - i + 2. Let k be p(-3). Let t = k - -9. Suppose -5*l + 2*l + t*h = 1, 0 = 2*l - 2*h - 6. What is the units digit of l?
8
Suppose -j - n = -4*n - 207, 2*j + 4*n = 434. What is the units digit of j?
3
Suppose 2*o + 3*o + 330 = 0. What is the units digit of 20/50 - o/10?
7
Suppose 8 = 2*a - 20. What is the tens digit of a?
1
Let y be 2/1*1/2. Let p be 4 - -1 - 3/y. Suppose -p*h = h - 54. What is the units digit of h?
8
Let u be 2*(2 + 2 - 1). Let o be 3/6*u - 1. What is the units digit of o - 0 - (2 + -3)?
3
Suppose 3*k + 4*c = -39, 0 = -k + 6*c - 3*c. Let n = k - -10. What is the units digit of n?
1
Suppose 9 = 4*u - 7, -2*i - 4*u = -130. What is the tens digit of i?
5
Let l be (-24)/(-16) + (-3)/2. Suppose l = -4*w + w + 105. What is the tens digit of w?
3
Let c(d) = d + 3. Let u = 3 - -5. Let g(f) = f - 8. Let a be g(u). What is the units digit of c(a)?
3
Suppose -25*y - 645 = -30*y. What is the tens digit of y?
2
Let j(d) = 8*d**2 - 4*d**2 - 7*d + 7 - d**3 + 4*d**2 + 0. What is the units digit of j(7)?
7
Let i(z) = z**3 - z**2 + 3. Let q(y) = 2*y - 7. Let j be q(5). What is the tens digit of i(j)?
2
Let w(s) = -2*s**3 + s**2. Let v be w(-1). Suppose 5*b + 0*b = -l - 10, 0 = 3*l + v*b + 6. Suppose -3*p - 2*p + 15 = l. What is the units digit of p?
3
Suppose -l = -2, -l + 6*l - 14 = 4*p. Let u be -2 - (5 + p)*1. What is the units digit of (u/4)/((-2)/4)?
3
What is the tens digit of (148/8)/((-7)/(-84))?
2
Suppose 3*n = -2*n - 2*f + 345, f - 72 = -n. What is the tens digit of n?
6
Let y = -1 - -9. Suppose b - y = 5. What is the tens digit of b?
1
Let h = -28 - -45. Suppose 0 = -2*u + 1 + h. What is the units digit of u?
9
Let z(k) = 8*k**3 + 2*k**2 + k. Let j be z(-1). What is the units digit of 4/(-12) - j/3?
2
Let u(n) = 9*n**2 + n. Let d be u(1). Let w = 1 + d. What is the units digit of w?
1
Let a(k) = -2 + 3*k - k**3 + 2*k**2 + 6 + 0*k**3. Let f be a(3). What is the units digit of (2/f)/((-1)/(-12))?
6
Suppose -4 = -3*k + 4*k. Let b be (-14)/k*8/14. What is the units digit of (b/(-3) - 0)*-15?
0
Let o(u) be the second derivative of u**7/2520 - u**6/360 + u**5/40 - u**4/12 - 3*u. Let g(t) be the third derivative of o(t). What is the units digit of g(2)?
3
Let y = 133 - 86. What is the units digit of y?
7
Let y(x) = x**2 + 4*x + 4. Let t be y(-3). What is the tens digit of t/(-4)*5*-12?
1
Let x = 9 - 5. Let p be ((-12)/8)/((-2)/x). Suppose p*c - 60 = -2*c. What is the units digit of c?
2
Let q = -2 + 3. Let u be q/((-6)/9)*-2. Suppose 0 = 3*a - 21 + u. What is the units digit of a?
6
Let k(t) be the first derivative of 2*t**3/3 + 2*t**2 + 6*t - 3. Let z be k(-5). Let b = z + -22. What is the tens digit of b?
1
Let a(g) = g**2 - 3*g - 1. Let l(r) = -2*r**2 + 2*r + 1. Let v be l(-1). What is the units digit of a(v)?
7
Suppose -5*i + 0*i + u + 328 = 0, 3*u + 258 = 4*i. What is the tens digit of i?
6
Let t be -16*(-1)/(1 - 0). Suppose -i + 4*i - 4*j = -13, -4*i + t = 3*j. What is the units digit of 1*-3 - (-9)/i?
6
Let i(p) = -p**3 - 12*p**2 - 11*p + 10. Let w be (-3)/2 + 95/(-10). What is the units digit of i(w)?
0
Suppose h = 2*h - 366. What is the hundreds digit of h?
3
Let o be 6 + -2*1/1. Suppose 5*n - o = 3*n. Suppose -n*x + 3*x = 8. What is the units digit of x?
8
Let l = -6 + -1. What is the units digit of (l/3)/(4/(-12))?
7
Let w(t) = -2*t - 6. Let y be w(-5). Suppose -f = -3*f + y. Let v = f + 1. What is the units digit of v?
3
Suppose -4*f + 5*n + 117 = 0, 5*f - 63 = 3*f + n. What is the tens digit of f?
3
Let g(d) = -d**2 + 12*d - 7. Suppose 3*s = 22 + 5. Let n be g(s). Suppose -2*h + 0*u = -2*u, -2*u + n = 3*h. What is the units digit of h?
4
Suppose k - 9*k + 936 = 0. What is the units digit of k?
7
Let u = -32 + -12. Let k = u - -72. Let y = k + -18. What is the units digit of y?
0
Let h = 35 + 5. What is the tens digit of h?
4
Let b = -229 - -384. What is the hundreds digit of b?
1
Let j(d) = -d**3 - 4*d**2 + 2*d - 7. Let p be j(-5). Suppose -w + p*h + 26 = 3*h, -3*h = -5*w + 196. What is the tens digit of w?
4
Let s = 56 - -83. What is the units digit of s?
9
Let r = -85 + 80. Let w(s)